{"id":26,"date":"2020-03-26T20:19:20","date_gmt":"2020-03-26T19:19:20","guid":{"rendered":"http:\/\/www.schmutz-treuhand.ch\/?page_id=26"},"modified":"2021-04-10T16:36:02","modified_gmt":"2021-04-10T15:36:02","slug":"schmutz-treuhand","status":"publish","type":"page","link":"https:\/\/www.schmutz-treuhand.ch\/","title":{"rendered":"schmutz treuhand"},"content":{"rendered":"\n<div class=\"wp-block-cover has-background-dim-80 has-background-dim\" style=\"background-image:url(http:\/\/www.schmutz-treuhand.ch\/wp-content\/uploads\/2020\/05\/mika-baumeister-Wpnoqo2plFA-unsplash-scaled.jpg);background-color:#ffffff;background-position:20% 15%;min-height:60px;aspect-ratio:unset;\"><div class=\"wp-block-cover__inner-container is-layout-flow wp-block-cover-is-layout-flow\">\n<h2 class=\"has-very-light-gray-color has-text-color has-text-align-center wp-block-heading\"><a href=\"#anchor-buchhaltung\">Buchhaltung<\/a><\/h2>\n<\/div><\/div>\n\n\n\n<div style=\"height:30px\" aria-hidden=\"true\" class=\"wp-block-spacer\"><\/div>\n\n\n\n<div class=\"wp-block-cover has-background-dim-80 has-background-dim\" style=\"background-image:url(http:\/\/www.schmutz-treuhand.ch\/wp-content\/uploads\/2020\/03\/carlos-muza-hpjSkU2UYSU-unsplash-e1585255272269.jpg);background-color:#ffffff;background-position:46% 22%;min-height:60px;aspect-ratio:unset;\"><div class=\"wp-block-cover__inner-container is-layout-flow wp-block-cover-is-layout-flow\">\n<h2 class=\"has-text-align-center wp-block-heading\"><a href=\"#anchor-abschluesse\">Abschluss<\/a><\/h2>\n<\/div><\/div>\n\n\n\n<div style=\"height:30px\" aria-hidden=\"true\" class=\"wp-block-spacer\"><\/div>\n\n\n\n<div class=\"wp-block-cover has-background-dim-80 has-background-dim\" style=\"background-image:url(http:\/\/www.schmutz-treuhand.ch\/wp-content\/uploads\/2020\/05\/kelly-sikkema-SiOW0btU0zk-unsplash-scaled.jpg);background-color:#ffffff;background-position:28% 54%;min-height:60px;aspect-ratio:unset;\"><div class=\"wp-block-cover__inner-container is-layout-flow wp-block-cover-is-layout-flow\">\n<h2 class=\"has-text-align-center wp-block-heading\"><a href=\"#anchor-steuern\">Steuern<\/a><\/h2>\n\n\n\n<p><\/p>\n<\/div><\/div>\n\n\n\n<div style=\"height:30px\" aria-hidden=\"true\" class=\"wp-block-spacer\"><\/div>\n\n\n\n<div class=\"wp-block-cover has-background-dim\" style=\"background-image:url(http:\/\/www.schmutz-treuhand.ch\/wp-content\/uploads\/2020\/05\/austin-distel-jpHw8ndwJ_Q-unsplash-scaled.jpg);background-color:#ffffff;background-position:52% 40%;min-height:60px;aspect-ratio:unset;\"><div class=\"wp-block-cover__inner-container is-layout-flow wp-block-cover-is-layout-flow\">\n<h2 class=\"has-text-align-center wp-block-heading\"><a href=\"#anchor-beratung\">Beratung<\/a><\/h2>\n<\/div><\/div>\n\n\n\n<div style=\"height:304px\" aria-hidden=\"true\" class=\"wp-block-spacer\"><\/div>\n\n\n\n<div class=\"wp-block-cover has-background-dim-10 has-background-dim has-parallax anchor-buchhaltung\" style=\"background-image:url(http:\/\/www.schmutz-treuhand.ch\/wp-content\/uploads\/2020\/05\/mika-baumeister-Wpnoqo2plFA-unsplash-scaled.jpg);background-color:#196db6;min-height:100px;aspect-ratio:unset;\"><div class=\"wp-block-cover__inner-container is-layout-flow wp-block-cover-is-layout-flow\">\n<p id=\"anchor-buchhaltung\" class=\"has-text-align-center has-large-font-size\">Buchhaltung<\/p>\n<\/div><\/div>\n\n\n\n<div style=\"height:20px\" aria-hidden=\"true\" class=\"wp-block-spacer\"><\/div>\n\n\n\n<h3 class=\"wp-block-heading\"><strong>Buchf\u00fchrung<\/strong><\/h3>\n\n\n<ul>\n<li>F\u00fchren der Buchhaltung monatlich, quartalsweise oder j\u00e4hrlich bei uns oder an Ihrem Domizil<\/li>\n<li>Beratung und Erstellung von Rechnungsabschl\u00fcssen<\/li>\n<li>F\u00fchren Debitoren- und Kreditoren-Buchhaltung<\/li>\n<li>\u00dcberwachung des Mahnwesens und Inkasso<\/li>\n<li>Erstellen der Mehrwertsteuer-Abrechnung<\/li>\n<\/ul>\n\n\n<h3 class=\"wp-block-heading\"><strong><strong>Lohnbuchhaltung<\/strong><\/strong><\/h3>\n\n\n\n<ul class=\"wp-block-list\"><li>F\u00fchren der Lohnbuchhaltung<\/li><li>Erstellen von Lohnabrechnungen und Lohnzahlungen<\/li><li>Administration und Abrechnungen der Sozialversicherungen, Pensionskassen und Versicherungen<\/li><li>Ausstellen der Lohnausweise<\/li><li>F\u00fchren der gesamten Personaladministration<\/li><\/ul>\n\n\n\n<div style=\"height:60px\" aria-hidden=\"true\" class=\"wp-block-spacer\"><\/div>\n\n\n\n<div class=\"wp-block-cover has-background-dim-10 has-background-dim has-parallax\" style=\"background-image:url(http:\/\/www.schmutz-treuhand.ch\/wp-content\/uploads\/2020\/03\/carlos-muza-hpjSkU2UYSU-unsplash-1.jpg);background-color:#196db6;min-height:100px;aspect-ratio:unset;\"><div class=\"wp-block-cover__inner-container is-layout-flow wp-block-cover-is-layout-flow\">\n<p id=\"anchor-abschluesse\" class=\"has-text-align-center has-large-font-size\">Abschluss<\/p>\n\n\n\n<p><\/p>\n<\/div><\/div>\n\n\n\n<div style=\"height:20px\" aria-hidden=\"true\" class=\"wp-block-spacer\"><\/div>\n\n\n\n<ul class=\"wp-block-list\"><li>Erarbeiten von Budgets, Finanzpl\u00e4nen und Liquidit\u00e4tspl\u00e4nen<\/li><li>Erarbeiten von kurzfristigen Erfolgsrechnungen,<br>Mehrjahresvergleichen und Kennzahlen<\/li><li>Aufbau und \u00dcberwachung externes Controlling mit Auswertungen und Kommentaren<\/li><\/ul>\n\n\n\n<div style=\"height:60px\" aria-hidden=\"true\" class=\"wp-block-spacer\"><\/div>\n\n\n\n<div class=\"wp-block-cover has-background-dim-20 has-background-dim has-parallax\" style=\"background-image:url(http:\/\/www.schmutz-treuhand.ch\/wp-content\/uploads\/2020\/05\/kelly-sikkema-SiOW0btU0zk-unsplash-scaled.jpg);background-color:#196db6;min-height:100px;aspect-ratio:unset;\"><div class=\"wp-block-cover__inner-container is-layout-flow wp-block-cover-is-layout-flow\">\n<p id=\"anchor-steuern\" class=\"has-text-align-center has-large-font-size\">Steuern<\/p>\n<\/div><\/div>\n\n\n\n<div style=\"height:20px\" aria-hidden=\"true\" class=\"wp-block-spacer\"><\/div>\n\n\n\n<ul class=\"wp-block-list\"><li>Erstellen der Steuererkl\u00e4rungen f\u00fcr nat\u00fcrliche und juristische Personen<\/li><li>Ausarbeiten und Erstellen der MWSt-Abrechnungen<\/li><li>Kontrolle und \u00dcberwachung der Steuerveranlagungen<\/li><\/ul>\n\n\n\n<div style=\"height:60px\" aria-hidden=\"true\" class=\"wp-block-spacer\"><\/div>\n\n\n\n<div class=\"wp-block-cover has-background-dim has-parallax\" style=\"background-image:url(http:\/\/www.schmutz-treuhand.ch\/wp-content\/uploads\/2020\/05\/austin-distel-jpHw8ndwJ_Q-unsplash-scaled.jpg);min-height:100px;aspect-ratio:unset;\"><div class=\"wp-block-cover__inner-container is-layout-flow wp-block-cover-is-layout-flow\">\n<p id=\"anchor-beratung\" class=\"has-text-align-center has-large-font-size\">Beratung<\/p>\n\n\n\n<p><\/p>\n<\/div><\/div>\n\n\n\n<div style=\"height:20px\" aria-hidden=\"true\" class=\"wp-block-spacer\"><\/div>\n\n\n\n<ul class=\"wp-block-list\"><li>Organisation und Einrichten des Rechnungswesens<\/li><li>Beratung im Personalwesen im Zusammenhang mit<ul><li>Arbeitsvertr\u00e4ge ausarbeiten<\/li><li>Personal- und Lohnstammdaten f\u00fchren<\/li><li>Aufbau eines Lohnsystems<\/li><li>Unterst\u00fctzung bei der Personalsuche<\/li><li>Stelleninserate erstellen<\/li><\/ul><\/li><li>Anbieten von Managementdienstleistungen \/ Outsourcing<ul><li>Dienstleistungserbringung, auch vor Ort<\/li><li>Externe Interimseins\u00e4tze als CEO \/ CFO \/ Spezialist im Finanz- und &nbsp;&nbsp; Rechnungswesen \/ Projektmanagement<\/li><li>\u00dcbernahme von Verwaltungsrats-, Stiftungsratsmandaten<\/li><li>Sitz von Domizil- und Holdinggesellschaften (Domiziladressen)<\/li><li>Tempor\u00e4re Stellvertretungen<\/li><\/ul><\/li><li>Unterst\u00fctzung bei Nachfolgeplanung und Regelung<\/li><li>Erstellen von Businesspl\u00e4nen<\/li><li>Erstellen von Finanzanalysen und Kennzahlen<\/li><li>Unterst\u00fctzung bei Finanzierung und Investitionen<\/li><li>Beratung bei Gr\u00fcndung und Umstrukturierungen<\/li><li>Unterst\u00fctzung bei Sanierung und Gesch\u00e4ftsaufgabe<\/li><\/ul>\n\n\n\n<div style=\"height:80px\" aria-hidden=\"true\" class=\"wp-block-spacer\"><\/div>\n\n\n\n<h3 class=\"wp-block-heading\">Anfahrt &amp; Kontakt<\/h3>\n\n\n\n<div class=\"wp-block-columns is-layout-flex wp-container-core-columns-is-layout-9d6595d7 wp-block-columns-is-layout-flex\">\n<div class=\"wp-block-column is-layout-flow wp-block-column-is-layout-flow\">\n<div class=\"wpgmza-store-locator wpgmza_sl_main_div\" data-id=\"1\">\r\n\t<div class=\"wpgmza-address-container wpgmza-form-field wpgmza_sl_query_div wpgmza-clearfix\">\r\n\t\t<label class=\"wpgmza-address wpgmza-form-field__label wpgmza-form-field__label--float\" data-name=\"addressLabel\" for=\"addressInput\">ZIP \/ Address:<\/label>\r\n\t\t<input class=\"wpgmza-address\" type=\"text\" placeholder=\"Enter a location\" autocomplete=\"off\" data-name=\"defaultAddress\" value=\"\" id=\"addressInput\" size=\"20\">\r\n\t<\/div>\r\n\t\r\n\t<div class=\"wpgmza-radius-container wpgmza-form-field wpgmza_sl_radius_div wpgmza-clearfix\">\r\n\t\t<label class=\"wpgmza-radius wpgmza-form-field__label wpgmza-form-field__label--float\" for=\"radiusSelect\">\r\n\t\t\tRadius:\t\t<\/label>\r\n\t\t<select class=\"wpgmza-radius wpgmza-form-field__input wpgmza_sl_radius_select\" id=\"radiusSelect\"><option class=\"wpgmza-radius wpgmza_sl_select_option\" value=\"1\">1mi<\/option><option class=\"wpgmza-radius wpgmza_sl_select_option\" value=\"5\">5mi<\/option><option class=\"wpgmza-radius wpgmza_sl_select_option\" value=\"10\" selected>10mi<\/option><option class=\"wpgmza-radius wpgmza_sl_select_option\" value=\"25\">25mi<\/option><option class=\"wpgmza-radius wpgmza_sl_select_option\" value=\"50\">50mi<\/option><option class=\"wpgmza-radius wpgmza_sl_select_option\" value=\"75\">75mi<\/option><option class=\"wpgmza-radius wpgmza_sl_select_option\" value=\"100\">100mi<\/option><option class=\"wpgmza-radius wpgmza_sl_select_option\" value=\"150\">150mi<\/option><option class=\"wpgmza-radius wpgmza_sl_select_option\" value=\"200\">200mi<\/option><option class=\"wpgmza-radius wpgmza_sl_select_option\" value=\"300\">300mi<\/option><\/select>\r\n\t<\/div>\r\n\t\r\n\t<input class=\"wpgmza-search wpgmza_sl_search_button wpgmza_sl_search_button_1\" value=\"Search\" type=\"button\" onclick=\"searchLocations(1)\">\r\n\t\r\n\t<div class=\"wpgmza-no-results wpgmza-not-found-msg js-not-found-msg\" style=\"display: none;\">\r\n\t\t<p data-name=\"notFoundMessage\">No results found in this location. Please try again.<\/p>\r\n\t<\/div>\r\n<\/div><div id=\"wpgmza_map\" class=\"wpgmza_map\" data-settings='{\"id\":\"1\",\"map_title\":\"Industriestrasse B\\u00f6singen\",\"map_width\":\"100\",\"map_height\":\"200\",\"map_start_lat\":\"46.90042\",\"map_start_lng\":\"7.230556000000001\",\"map_start_location\":\"46.89957883598504,7.234841050274346\",\"map_start_zoom\":\"16\",\"default_marker\":\"0\",\"type\":\"4\",\"alignment\":\"4\",\"directions_enabled\":\"1\",\"styling_enabled\":\"0\",\"styling_json\":\"\",\"active\":\"0\",\"kml\":\"\",\"bicycle\":\"0\",\"traffic\":\"0\",\"dbox\":\"1\",\"dbox_width\":\"100\",\"listmarkers\":\"0\",\"listmarkers_advanced\":\"0\",\"filterbycat\":\"0\",\"ugm_enabled\":\"0\",\"ugm_category_enabled\":\"0\",\"fusion\":\"\",\"map_width_type\":\"%\",\"map_height_type\":\"px\",\"mass_marker_support\":\"1\",\"ugm_access\":\"0\",\"order_markers_by\":\"0\",\"order_markers_choice\":\"0\",\"show_user_location\":\"0\",\"default_to\":\"\",\"other_settings\":{\"store_locator_enabled\":true,\"store_locator_distance\":true,\"store_locator_default_radius\":10,\"store_locator_not_found_message\":\"\",\"store_locator_bounce\":1,\"store_locator_query_string\":\"\",\"store_locator_default_address\":\"\",\"wpgmza_store_locator_restrict\":\"\",\"wpgmza_store_locator_radius_style\":\"modern\",\"map_max_zoom\":\"1\",\"transport_layer\":false,\"wpgmza_show_points_of_interest\":0,\"wpgmza_auto_night\":0,\"action\":\"wpgmza_save_map\",\"redirect_to\":\"\\\/wp-admin\\\/admin-post.php\",\"map_id\":\"1\",\"http_referer\":\"\\\/wp-admin\\\/admin.php?page=wp-google-maps-menu&amp;action=edit&amp;map_id=1\",\"wpgmza_id\":\"1\",\"wpgmza_start_location\":\"46.90042,7.230556000000001\",\"wpgmza_start_zoom\":\"16\",\"store_locator_search_area\":\"radial\",\"wpgmza_store_locator_default_radius\":\"10\",\"store_locator_auto_area_max_zoom\":\"\",\"wpgmza_store_locator_position\":false,\"store_locator_show_distance\":false,\"store_locator_category\":false,\"wpgmza_store_locator_use_their_location\":false,\"wpgmza_store_locator_bounce\":false,\"wpgmza_sl_animation\":null,\"wpgmza_store_locator_hide_before_search\":false,\"store_locator_name_search\":false,\"store_locator_name_string\":\"\",\"sl_stroke_color\":\"\",\"sl_stroke_opacity\":\"\",\"sl_fill_color\":\"\",\"sl_fill_opacity\":\"\",\"wpgmza_map_align\":\"1\",\"jump_to_nearest_marker_on_initialization\":false,\"automatically_pan_to_users_location\":false,\"override_users_location_zoom_level\":false,\"override_users_location_zoom_levels\":\"\",\"show_distance_from_location\":false,\"map_min_zoom\":\"0\",\"click_open_link\":false,\"fit_maps_bounds_to_markers\":false,\"fit_maps_bounds_to_markers_after_filtering\":false,\"hide_point_of_interest\":false,\"wpgmza_zoom_on_marker_click\":false,\"wpgmza_zoom_on_marker_click_slider\":\"\",\"close_infowindow_on_map_click\":false,\"disable_lightbox_images\":false,\"use_Raw_Jpeg_Coordinates\":false,\"polygon_labels\":false,\"disable_polygon_info_windows\":false,\"enable_marker_ratings\":false,\"only_load_markers_within_viewport\":false,\"iw_primary_color\":\"\",\"iw_accent_color\":\"\",\"iw_text_color\":\"\",\"wpgmza_listmarkers_by\":\"0\",\"wpgmza_marker_listing_position\":false,\"datatable_no_result_message\":\"\",\"remove_search_box_datables\":false,\"dataTable_pagination_style\":null,\"datatable_search_string\":\"\",\"datatable_result_start\":\"\",\"datatable_result_of\":\"\",\"datatable_result_to\":\"\",\"datatable_result_total\":\"\",\"datatable_result_show\":\"\",\"datatable_result_entries\":\"\",\"wpgmza_savemap\":\"Save Map \\u00bb\"}}' data-map-id='1' Data-maps-engine='open-layers' data-shortcode-attributes='{\"id\":\"1\"}' style=\"display:block; overflow:auto; width:100%; height:200px; float:left;\"><\/div>\n<\/div>\n\n\n\n<div class=\"wp-block-column is-layout-flow wp-block-column-is-layout-flow\">\n<p><strong>schmutz treuhand<\/strong><br>\nIndustriestrasse 25, 3178 B\u00f6singen <br>Mobile <a href=\"tel:+41794297065\">+41 79 429 70 65<\/a>\n<br><a href=\"mailto:adrian.schmutz@schmutz-treuhand.ch\">adrian.schmutz@schmutz-treuhand.ch<\/a><\/p>\n<\/div>\n<\/div>\n\n\n\n<p><\/p>\n","protected":false},"excerpt":{"rendered":"<p>Buchf\u00fchrung F\u00fchren der Buchhaltung monatlich, quartalsweise oder j\u00e4hrlich bei uns oder an Ihrem Domizil Beratung und Erstellung von Rechnungsabschl\u00fcssen F\u00fchren Debitoren- und Kreditoren-Buchhaltung \u00dcberwachung des Mahnwesens und Inkasso Erstellen der &#8230;<\/p>\n","protected":false},"author":1,"featured_media":0,"parent":0,"menu_order":0,"comment_status":"closed","ping_status":"closed","template":"template-fullwidth.php","meta":{"footnotes":""},"class_list":["post-26","page","type-page","status-publish","hentry"],"jetpack_sharing_enabled":true,"_links":{"self":[{"href":"https:\/\/www.schmutz-treuhand.ch\/index.php\/wp-json\/wp\/v2\/pages\/26","targetHints":{"allow":["GET"]}}],"collection":[{"href":"https:\/\/www.schmutz-treuhand.ch\/index.php\/wp-json\/wp\/v2\/pages"}],"about":[{"href":"https:\/\/www.schmutz-treuhand.ch\/index.php\/wp-json\/wp\/v2\/types\/page"}],"author":[{"embeddable":true,"href":"https:\/\/www.schmutz-treuhand.ch\/index.php\/wp-json\/wp\/v2\/users\/1"}],"replies":[{"embeddable":true,"href":"https:\/\/www.schmutz-treuhand.ch\/index.php\/wp-json\/wp\/v2\/comments?post=26"}],"version-history":[{"count":39,"href":"https:\/\/www.schmutz-treuhand.ch\/index.php\/wp-json\/wp\/v2\/pages\/26\/revisions"}],"predecessor-version":[{"id":2356,"href":"https:\/\/www.schmutz-treuhand.ch\/index.php\/wp-json\/wp\/v2\/pages\/26\/revisions\/2356"}],"wp:attachment":[{"href":"https:\/\/www.schmutz-treuhand.ch\/index.php\/wp-json\/wp\/v2\/media?parent=26"}],"curies":[{"name":"wp","href":"https:\/\/api.w.org\/{rel}","templated":true}]}}